**3 - v**2 - 2*v - 2*v**2 - 4 - 5*v**3. List the prime factors of q(-2).
29
List the prime factors of 233*(-1)/3*(-28 + 16).
2, 233
Let b = -44 - -53. Suppose -b*u = -u - 1088. What are the prime factors of u?
2, 17
Let d(i) = 3*i - 4. Let r(u) = 4*u - 5. Let a(y) = -3*d(y) + 2*r(y). Let n be a(-2). What are the prime factors of (-936)/(-32) - 1/n?
29
What are the prime factors of 468 + 6 + 1 - -1?
2, 7, 17
Let u(a) = 2*a**2 + 7*a + 1. Let s be u(-5). Let w be 10/3 - (-6)/9. Suppose 0 = 2*q - w*f, -7*q + 4*f + s = -3*q. List the prime factors of q.
2
Let j(q) = -21*q + 51. Let r = -118 + 104. What are the prime factors of j(r)?
3, 5, 23
Let v = 5 - -2. Suppose 0 = 4*b - v - 9. Suppose -b*q + 25 = q. What are the prime factors of q?
5
Let g = 586 - 412. What are the prime factors of g?
2, 3, 29
Let r = -1033 - -2127. What are the prime factors of r?
2, 547
Let r be (8/12)/((-2)/6). Let o be 9*(r - 2)/(-4). Suppose 4*y = y + o. What are the prime factors of y?
3
Let k(c) = c**3 - 2*c**2 + 7*c - 4. Let x be k(6). Suppose 2*a - x - 10 = 0. What are the prime factors of a?
2, 3
Suppose 3*w - 7 - 2 = 0. Let o be 3/((-316)/(-104) - w). Suppose 0 = 2*i - o + 18. What are the prime factors of i?
2, 3, 5
Let o = 115 - 110. Suppose 4*l + o*f = 428, -5*l + 0*f - f = -556. What are the prime factors of l?
2, 7
Let g(t) = t**2 + 9*t + 7. Let p = -38 + 65. Suppose -2*m = j + p, 3*m + 25 = 3*j + 7. List the prime factors of g(m).
29
Suppose -3*h + 7 - 1 = 0. Suppose h*m - 174 = -4. What are the prime factors of m?
5, 17
Let m(h) = -h**3 - 21*h**2 - 24*h + 36. List the prime factors of m(-20).
2, 29
Let h = -31 - -22. Let c(s) = -s**2 - 10*s - 1. Let t be c(h). Suppose 0 = -t*p - 194 + 610. List the prime factors of p.
2, 13
Let a be (-12)/8*(5 + -3). List the prime factors of a*(-19)/2*(2 - 0).
3, 19
Let k = -208 - -399. List the prime factors of k.
191
List the prime factors of (-24441)/(-36) + 10/120.
7, 97
Suppose 20 = -2*p - 246. What are the prime factors of -4 + (-3 - -5) - p?
131
Suppose 14 + 4 = 3*t. Let i = -6 - t. What are the prime factors of 320/(-24)*27/i?
2, 3, 5
Let c(o) = -o + 2. Let f be c(2). Let z(u) = -u**2 + u + 26. Let l(m) = m**3 + m**2 - m - 1. Let h(q) = l(q) + z(q). What are the prime factors of h(f)?
5
Let k(a) = -a - 5. Let j be k(5). Let p(d) be the third derivative of -d**4/12 - 7*d**3/6 - 22*d**2. List the prime factors of p(j).
13
Let u = -2324 - -3952. What are the prime factors of u?
2, 11, 37
Suppose -2*m = -11 + 1. What are the prime factors of (-14)/(-35) - (-183)/m?
37
Let q(f) = -f**3 - 6*f**2 - 6*f. Let m be q(-5). Suppose 0 = -m*z + 3*o + 69, -2*o = -5*z + 75 - 9. What are the prime factors of z?
2, 3
Suppose -3752 = -13*f + 11406. List the prime factors of f.
2, 11, 53
Suppose 0 = -2*q - 0*q. What are the prime factors of -9 + 20 + (q - -3)?
2, 7
List the prime factors of 76/57 - (-646)/6.
109
Suppose 4*q - 460 = 56. Suppose u + 3*l = q, 2*u - 151 - 115 = 2*l. List the prime factors of u.
2, 3, 11
Let f = -506 - -4653. List the prime factors of f.
11, 13, 29
Let f(i) be the second derivative of -i**3/3 + 2*i**2 - 2*i. List the prime factors of f(-4).
2, 3
Suppose 3*w = w + p + 8, 0 = -5*w - 4*p + 7. What are the prime factors of w - ((-2 - 49) + -3)?
3, 19
Suppose -3*w + 100 = 727. What are the prime factors of (-1)/2 + w/(-2)?
2, 13
Suppose 4 = -m, 402 = 5*c + m + m. List the prime factors of c.
2, 41
Suppose -2*x = -4*a + 554, 3*x + 633 + 201 = 3*a. Let h = -191 - x. Suppose 3*q = -q + h. List the prime factors of q.
2, 11
Let j be 16/24 + ((-30)/(-9) - 1). What are the prime factors of (-8)/(-4) - -105 - (j + -6)?
2, 5, 11
Suppose 3*p + 4*k + 4 = 0, 0 = -4*k - 10 - 6. Let x(b) = b - 2. Let u be x(p). Suppose -u*h + 36 = -h. What are the prime factors of h?
2, 3
Suppose -4*m - 40*l + 39*l + 2943 = 0, 5*l = -25. List the prime factors of m.
11, 67
List the prime factors of -2 + 2 + -3 - (-26 - 203).
2, 113
Let r(c) = -35*c + 7. Let d be r(-6). Suppose 4*q - 2*a - 3*a = d, -5*q - 2*a = -230. List the prime factors of q.
2, 3
Let h be (9/(-2))/(1/2). List the prime factors of -90*(4 + 48/h).
2, 3, 5
Let z(i) = -3*i**3 - 20*i**2 - 19*i + 58. Let w(s) = 4*s**3 + 30*s**2 + 28*s - 87. Let f(m) = -5*w(m) - 7*z(m). List the prime factors of f(11).
73
Suppose 42 - 141 = -11*b. Suppose -b*w + 1740 = w. What are the prime factors of w?
2, 3, 29
Let j = -99 - -112. Suppose j*k = 3*k + 1880. List the prime factors of k.
2, 47
List the prime factors of 1/(-3)*-15 - (-466)/1.
3, 157
What are the prime factors of (-53732)/(-196) - (3 - -1)/28?
2, 137
Suppose 54*n = 52*n + 264. What are the prime factors of n?
2, 3, 11
Suppose 0 = 3*t + 3*z - 3, 3*z + 7 = 3*t - 8. Suppose -t*o + y = -2, -6 = 2*o - o + 3*y. Suppose -5*u - 28 + 133 = o. What are the prime factors of u?
3, 7
Let t = 121 + -82. Let y = 116 - t. What are the prime factors of y?
7, 11
Let j = 227 - 218. Let h(r) = -3 + 2 + 0 + r**3 + 3*r - 9*r**2. What are the prime factors of h(j)?
2, 13
Let x(y) = y**3 + 10*y**2 + 11*y. Let m be x(-9). Let f = m - -28. Suppose -a + 3*a - f = 0. List the prime factors of a.
5
Let l be -28*(-3 + -1 + (-3)/(-4)). Suppose -c = -63 - l. What are the prime factors of c?
2, 7, 11
Suppose 9*u + 132 = 1266. List the prime factors of u.
2, 3, 7
Suppose 0 = 6*l - 595 - 7049. List the prime factors of l.
2, 7, 13
Let p(g) = g + 43. List the prime factors of p(-4).
3, 13
Let h be (-1)/(4 + 44/(-12)). Suppose -m + 2*m - 12 = 0. Let v = h + m. What are the prime factors of v?
3
Let m = 946 - 502. List the prime factors of m.
2, 3, 37
Let v(o) = 2*o**3 + 11*o**2 - 18*o + 20. What are the prime factors of v(7)?
3, 373
Let z(p) = p**2 + 1. Let l be z(2). Let u(b) = -l + 0 + 3*b + 9 + 3*b**2 - b**3. What are the prime factors of u(3)?
13
Let d = -3 + 6. Let f = -3 - -24. Let b = d + f. List the prime factors of b.
2, 3
Let d(o) = -o**3 + o**2 - o. Suppose -2*r = -6*r - 4. Let q(z) = 7*z**3 + 4*z**2 - 3*z + 6. Let t(x) = r*q(x) - 6*d(x). List the prime factors of t(-11).
2
Let n = 34 - 16. Let o be n - (-4)/(-8)*0. Suppose 3*t = -5*x + 97, t - o - 3 = -x. List the prime factors of x.
17
Let v = 2403 - 1542. What are the prime factors of v?
3, 7, 41
Suppose -1981 = -5*p + 4*b, -4*p + 2*b + 2*b = -1588. List the prime factors of p.
3, 131
Let u = 77 + -37. Suppose -z = -2*z + u. List the prime factors of z.
2, 5
Suppose -r - 2 - 3 = 0. Let v = r - -9. Suppose 5*s = -4*p + 90, 108 = 4*p - 0*p - v*s. What are the prime factors of p?
5
Let q(l) = 12*l**2 + 37*l - 9. List the prime factors of q(6).
3, 5, 43
Let p(o) = o**2 + 2*o - 1. Let c be p(-3). Suppose -2*s - 3*s = -3*s. Suppose 34 = c*u - s*u. List the prime factors of u.
17
Let o = -5 - -8. Suppose 0 = -o*j + 41 + 19. List the prime factors of j.
2, 5
Let p = 19 - 19. Suppose 169 = 5*h - 4*j + 18, -3*h - j + 77 = p. List the prime factors of h.
3
Let s be (-7)/(-7) - (3 + -2). Suppose s = 5*l, 5*f + 3*l = -l. Suppose -2*h = -f*h - 44. What are the prime factors of h?
2, 11
Let f be (-12)/(-28) + (-597)/21. Let y be (-3)/(-15) + f/(-10). Suppose -5*u + 160 + 57 = -4*o, 5*u - y*o - 219 = 0. What are the prime factors of u?
3, 5
Suppose 3*g + 88 + 251 = 0. Let z = g - -134. What are the prime factors of z?
3, 7
What are the prime factors of (-55638)/(-33) + (-16)/(-2)?
2, 7, 11
Suppose -7*i + 35820 = 23*i. What are the prime factors of i?
2, 3, 199
Let l = -6 + 6. Suppose l = 9*v - 5*v - 272. List the prime factors of v.
2, 17
Suppose -5067 = -9*r - 630. What are the prime factors of r?
17, 29
Let k = -5 - -8. Let j = k + -7. Let b = 9 + j. List the prime factors of b.
5
What are the prime factors of ((-1 - -8) + 8)/((-3)/(-222))?
2, 3, 5, 37
Let m be (-100)/(-26) + 10/65. List the prime factors of (((-18)/m)/(-3))/((-4)/(-152)).
3, 19
Suppose 0 = -2*a + 3 - 99. List the prime factors of (-3 - 0) + 2 - (1 + a).
2, 23
Let j = 804 + -360. What are the prime factors of j?
2, 3, 37
Let p = -1822 - -4330. Suppose 12*w - p = -0*w. List the prime factors of w.
11, 19
Let m(a) = -11*a**3 - 2*a**2 - 2*a - 1. Let x be m(-1). Suppose 0 = -2*w + 5*w - 24. Suppose n = x + w. What are the prime factors of n?
2, 3
Suppose 113*k + 419 = 114*k. What are the prime factors of k?
419
Suppose 0 = 2*h - d + 4 - 8, -d + 4 = 0.